{"id":349,"date":"2025-02-09T17:07:37","date_gmt":"2025-02-09T17:07:37","guid":{"rendered":"https:\/\/www.catalystventures.fi\/index.php\/case2\/"},"modified":"2025-02-09T17:07:42","modified_gmt":"2025-02-09T17:07:42","slug":"case2","status":"publish","type":"page","link":"https:\/\/www.catalystventures.fi\/index.php\/case2\/","title":{"rendered":"Case2"},"content":{"rendered":"\n  \n    <section class=\"u-align-center u-clearfix u-container-align-center u-section-1\" id=\"sec-74ff\">\n      <div class=\"u-clearfix u-sheet u-sheet-1\">\n        <div class=\"data-layout-selected u-clearfix u-expanded-width u-layout-wrap u-layout-wrap-1\">\n          <div class=\"u-layout\">\n            <div class=\"u-layout-row\">\n              <div class=\"u-container-style u-layout-cell u-left-cell u-shape-rectangle u-size-28-md u-size-28-sm u-size-28-xs u-size-30-lg u-size-30-xl u-layout-cell-1\" data-image-width=\"1000\" data-image-height=\"1500\">\n                <div class=\"u-container-layout u-valign-bottom-lg u-valign-bottom-sm u-valign-bottom-xs u-valign-top-xl u-container-layout-1\">\n                  <img decoding=\"async\" class=\"u-expanded-width u-image u-image-default u-image-1\" src=\"https:\/\/www.catalystventures.fi\/wp-content\/uploads\/2025\/02\/Autokilpailutus_valokuvat_studio_22copy.jpg\" alt=\"\" data-image-width=\"2000\" data-image-height=\"1125\">\n                <\/div>\n              <\/div>\n              <div class=\"u-align-left u-container-style u-layout-cell u-right-cell u-size-30-lg u-size-30-xl u-size-32-md u-size-32-sm u-size-32-xs u-layout-cell-2\">\n                <div class=\"u-container-layout u-container-layout-2\">\n                  <div class=\"u-container-style u-custom-color-2 u-expanded-width-sm u-expanded-width-xs u-group u-group-1\">\n                    <div class=\"u-container-layout u-valign-middle-lg u-valign-middle-md u-container-layout-3\">\n                      <h2 class=\"u-text u-text-1\"> Catalyst Ventures tukee digitaalista vallankumousta vaihtoautokaupassa<\/h2>\n                    <\/div>\n                  <\/div>\n                  <p class=\"u-text u-text-2\"> Autokauppa on alana pitk\u00e4\u00e4n nojannut perinteisiin toimintamalleihin, mutta nyt markkinoille on tullut innovaatio, joka haastaa vakiintuneet k\u00e4yt\u00e4nn\u00f6t. Suomalainen startup Autokilpailutus.fi on ker\u00e4nnyt 1,3 miljoonan euron rahoituksen, ja Catalyst Ventures on ylpe\u00e4 ollessaan mukana sijoittajana. Uuden digitaalisen alustan avulla kuluttajat voivat kilpailuttaa sek\u00e4 oman autonsa myynnin ett\u00e4 vaihtamisen helposti ja nopeasti \u2013 kaikki yhdell\u00e4 ja samalla palvelulla.<br>\n                  <\/p>\n                <\/div>\n              <\/div>\n            <\/div>\n          <\/div>\n        <\/div>\n      <\/div>\n    <\/section>\n    <section class=\"u-align-center u-clearfix u-section-2\" id=\"block-1\">\n      <div class=\"u-clearfix u-sheet u-sheet-1\">\n        <p class=\"u-align-left u-text u-text-1\">\n          <span style=\"font-weight: 700;\"> Miksi Catalyst Ventures sijoitti Autokilpailutus.fi:hin?<\/span>\n          <br>\n          <br>Me Catalyst Venturesilla etsimme yrityksi\u00e4, jotka eiv\u00e4t vain paranna olemassa olevia markkinoita, vaan luovat niille t\u00e4ysin uusia toimintamalleja. Autokilpailutus.fi on juuri t\u00e4llainen innovaatio. Sen digitaalinen alusta yksinkertaistaa ja nopeuttaa autojen vaihtoa sek\u00e4 myynti\u00e4 tavalla, joka hy\u00f6dytt\u00e4\u00e4 sek\u00e4 kuluttajia ett\u00e4 autoliikkeit\u00e4. Kuluttajat saavat entist\u00e4 parempia tarjouksia ja s\u00e4\u00e4st\u00e4v\u00e4t aikaa, kun taas autoliikkeet voivat tehostaa ostotoimintaansa ja kasvattaa myynti\u00e4\u00e4n.<br>\n          <br>\n          <br>\n          <span style=\"font-weight: 700;\">Mukana merkitt\u00e4vi\u00e4 sijoittajia<\/span>\n          <br>\n          <br>Autokilpailutus.fi:n rahoituskierrokseen osallistuivat Catalyst Venturesin lis\u00e4ksi merkitt\u00e4v\u00e4t suomalaiset autoalan vaikuttajat, kuten Autollecom Oy sek\u00e4 Autosalpa Oy:n emoyhti\u00f6 Neris Holding Oy. N\u00e4iden sijoittajien mukanaolo vahvistaa palvelun asemaa alalla ja tuo arvokasta asiantuntemusta sek\u00e4 verkostoja, jotka edist\u00e4v\u00e4t sen kasvua ja kehityst\u00e4.<br>\n          <br>\n          <br>\n          <span style=\"font-weight: 700;\">Digitaalinen markkinapaikka tuo uuden tavan ostaa ja myyd\u00e4 autoja<\/span>\n          <br>\n          <br>Perinteisesti auton vaihtaminen on vaatinut lukuisia yhteydenottoja eri liikkeisiin ja pitk\u00e4n neuvotteluprosessin. Autokilpailutus.fi poistaa t\u00e4m\u00e4n vaivan tarjoamalla kuluttajille mahdollisuuden l\u00e4hett\u00e4\u00e4 tarjouspyynn\u00f6t useille liikkeille kerralla ja saada vastaukset jopa saman p\u00e4iv\u00e4n aikana. Alusta toimii my\u00f6s huutokauppana niille, jotka haluavat myyd\u00e4 autonsa parhaiten tarjoavalle liikkeelle. T\u00e4m\u00e4 on ensimm\u00e4inen palvelu, joka yhdist\u00e4\u00e4 n\u00e4m\u00e4 molemmat toiminnot samaan alustaan, ja juuri t\u00e4m\u00e4 yhdistelm\u00e4 tekee Autokilpailutus.fi:st\u00e4 ainutlaatuisen.<br>\n          <br>\n          <br>\n          <span style=\"font-weight: 700;\">Teko\u00e4ly mullistaa autonvaihdon<\/span>\n          <br>\n          <br>Autokilpailutus.fi hy\u00f6dynt\u00e4\u00e4 teko\u00e4ly\u00e4 tarjotakseen asiakkaille entist\u00e4 paremman kokemuksen. Palvelun teko\u00e4lyapuri auttaa kuluttajia l\u00f6yt\u00e4m\u00e4\u00e4n juuri heille sopivan auton analysoimalla heid\u00e4n tarpeitaan ja tarjoamalla kohdennettuja suosituksia. T\u00e4m\u00e4 tuo markkinoille aivan uudenlaisen asiakasl\u00e4ht\u00f6isen l\u00e4hestymistavan, joka vastaa nykyp\u00e4iv\u00e4n kuluttajien odotuksiin.<br>\n          <br>\n          <br>\n          <span style=\"font-weight: 700;\">Catalyst Venturesin visio: Innovaatioiden tukeminen<\/span>\n          <br>\n          <br>Sijoituksemme Autokilpailutus.fi:hin perustuu uskoomme siihen, ett\u00e4 digitaalinen teknologia voi muuttaa perinteisi\u00e4 toimialoja. Haluamme olla mukana mahdollistamassa tulevaisuuden kaupank\u00e4ynti\u00e4 ja tukemassa yrityksi\u00e4, jotka tuovat merkitt\u00e4v\u00e4\u00e4 lis\u00e4arvoa asiakkailleen. Autokilpailutus.fi:n potentiaali on valtava, ja olemme innoissamme n\u00e4hdess\u00e4mme, kuinka t\u00e4m\u00e4 palvelu kehittyy ja muuttaa autoalan dynamiikkaa Suomessa.<br>\n          <br>Autoala on murroksessa, ja Autokilpailutus.fi on eturintamassa viem\u00e4ss\u00e4 t\u00e4t\u00e4 muutosta eteenp\u00e4in. Catalyst Ventures on ylpe\u00e4 ollessaan mukana tukemassa t\u00e4t\u00e4 kehityst\u00e4 ja auttamassa suomalaista innovaatiota kasvamaan ja menestym\u00e4\u00e4n.&nbsp;\n        <\/p>\n      <\/div>\n    <\/section>\n    \n    \n    \n    \n  \n","protected":false},"excerpt":{"rendered":"<p>Catalyst Ventures tukee digitaalista vallankumousta vaihtoautokaupassa Autokauppa on alana pitk\u00e4\u00e4n nojannut perinteisiin toimintamalleihin, mutta nyt markkinoille on tullut innovaatio, joka haastaa vakiintuneet k\u00e4yt\u00e4nn\u00f6t. Suomalainen startup Autokilpailutus.fi on ker\u00e4nnyt 1,3 miljoonan euron rahoituksen, ja Catalyst Ventures on ylpe\u00e4 ollessaan mukana sijoittajana. Uuden digitaalisen alustan avulla kuluttajat voivat kilpailuttaa sek\u00e4 oman autonsa myynnin ett\u00e4 vaihtamisen helposti ja &hellip; <a href=\"https:\/\/www.catalystventures.fi\/index.php\/case2\/\" class=\"more-link\">Continue reading<span class=\"screen-reader-text\"> &#8221;Case2&#8221;<\/span><\/a><\/p>\n","protected":false},"author":1,"featured_media":0,"parent":0,"menu_order":2,"comment_status":"closed","ping_status":"closed","template":"","meta":{"footnotes":""},"class_list":["post-349","page","type-page","status-publish","hentry"],"_links":{"self":[{"href":"https:\/\/www.catalystventures.fi\/index.php\/wp-json\/wp\/v2\/pages\/349","targetHints":{"allow":["GET"]}}],"collection":[{"href":"https:\/\/www.catalystventures.fi\/index.php\/wp-json\/wp\/v2\/pages"}],"about":[{"href":"https:\/\/www.catalystventures.fi\/index.php\/wp-json\/wp\/v2\/types\/page"}],"author":[{"embeddable":true,"href":"https:\/\/www.catalystventures.fi\/index.php\/wp-json\/wp\/v2\/users\/1"}],"replies":[{"embeddable":true,"href":"https:\/\/www.catalystventures.fi\/index.php\/wp-json\/wp\/v2\/comments?post=349"}],"version-history":[{"count":1,"href":"https:\/\/www.catalystventures.fi\/index.php\/wp-json\/wp\/v2\/pages\/349\/revisions"}],"predecessor-version":[{"id":355,"href":"https:\/\/www.catalystventures.fi\/index.php\/wp-json\/wp\/v2\/pages\/349\/revisions\/355"}],"wp:attachment":[{"href":"https:\/\/www.catalystventures.fi\/index.php\/wp-json\/wp\/v2\/media?parent=349"}],"curies":[{"name":"wp","href":"https:\/\/api.w.org\/{rel}","templated":true}]}}